ate the highest common divisor of 216 and s.
8
Let f = -636 + 384. Let u = f + 423. Calculate the greatest common divisor of u and 19.
19
Let y(h) be the first derivative of -h**3/3 - 9*h**2 + h + 12. Let p be y(-16). Calculate the highest common divisor of p and 11.
11
Let x(c) = -c**3 - 27*c**2 - 27*c - 16. Let h be x(-26). Calculate the greatest common factor of 5 and h.
5
Suppose 0 = 4*u - 2*a + 302, 3*a = -4*u - 158 - 119. Let s = 90 + u. Calculate the highest common divisor of s and 17.
17
Suppose 15*y - 9*y = 18. Suppose 2*r - 5 = -3*r, 0 = -y*x - 5*r + 26. What is the greatest common divisor of 56 and x?
7
Let p(q) = -q**2 + 7*q. Let i be p(7). Suppose -13*z + 15*z - 54 = i. What is the greatest common divisor of 243 and z?
27
Suppose v + 3*v = 4*n - 92, 4*v - 2*n = -88. Let x be 5*(2 + 5/(-1)). Let y = x - v. Calculate the highest common divisor of 9 and y.
3
Let a = -76 + 113. Suppose d - 35 = a. Let q be ((-7)/28*-6)/(-2 + 70/32). Calculate the greatest common factor of d and q.
8
Let g = -235 + 379. Suppose 2 + 2 = s + 4*k, -5*k = 15. Calculate the greatest common factor of s and g.
16
Let c(l) = -5*l - 12. Let k be c(-6). Let a(g) = g**2 - 3*g + 5. Let w be a(-5). Calculate the greatest common divisor of w and k.
9
Let q(v) = 2*v**2 - 7*v - 1. Let l be q(4). Suppose 0 = -l*c - 10 + 31. Suppose -t = 2*u - 57, -69 = -t + u + u. What is the highest common divisor of c and t?
7
Let m = 2150 + -2147. Calculate the greatest common divisor of 96 and m.
3
Let k(m) be the third derivative of -m**6/120 + m**5/60 + 40*m**3/3 - 43*m**2. Let d be k(0). Calculate the highest common factor of 16 and d.
16
Suppose 393*g = 398*g - 2400. Calculate the highest common factor of g and 180.
60
Let i be ((-4)/6)/(((-10)/32565)/1). Calculate the highest common divisor of i and 26.
13
Let t(y) = -y**2 + 46*y - 56. Let z be t(36). Calculate the highest common factor of z and 76.
76
Suppose -16 = 67*p - 69*p. Suppose -p = -2*l - 2*n, 2*l + 0*n = 2*n. Calculate the highest common factor of 1 and l.
1
Let g = 2582 - -165. Calculate the greatest common factor of g and 41.
41
Let z = 46 + -43. Let g be (-6)/(-6)*36/z. Calculate the greatest common factor of g and 12.
12
Let k be 2/(-8) + (-179)/4. Let n be (36/k)/((-2)/100). Suppose 0 = -5*l + 3 + 22. What is the greatest common factor of n and l?
5
Suppose 6*z - 8*z + 45 = 3*o, 59 = 4*o + 3*z. Let h be (-8)/3*204/(-4). Calculate the greatest common factor of o and h.
17
Let l(c) = 4*c**3 - 4*c**2 - 8*c + 13. Let z be l(4). Suppose -z = -4*h - 3*k, 3*k + 29 = h - k. Calculate the highest common factor of h and 246.
41
Suppose q - 8 = 4*n - 3*q, 3*q - 8 = n. Let m(j) = 102*j - 3. Let x be m(n). Calculate the greatest common factor of 11 and x.
11
Let r(j) = -j**3 + 20*j**2 + 23*j + 21. Let d be r(21). What is the greatest common divisor of d and 42?
21
Let s(w) be the first derivative of 9*w**4/4 - 2*w**3/3 - w**2 + 3*w - 19. Let x = 6 - 4. Let g be s(x). What is the highest common divisor of g and 9?
9
Let p(l) = 1472*l**2 - 11*l + 11. Let t be p(1). What is the highest common factor of 46 and t?
46
Suppose -3165 = -2*u - 2673. Calculate the greatest common factor of u and 24.
6
Let u be 3 - (-1 + -3 + (-1 - 642)). Calculate the greatest common factor of u and 26.
26
Let b = 3 + 18. Let l = b - 11. What is the greatest common factor of 5 and l?
5
Let b = 458 + -434. Calculate the highest common divisor of b and 136.
8
Suppose -5 = 3*f - 8*f + 3*k, -f + 3*k + 1 = 0. Let o(c) = 2*c**2 + 3*c - 2. Let j be o(f). What is the highest common factor of 33 and j?
3
Let w(c) = -c**3 - 35*c**2 - 34*c + 77. Let t be w(-34). Let y(g) = g + 4. Let m be y(3). What is the greatest common factor of m and t?
7
Let f be 11/(7 - 40) + (-13)/(-3). What is the highest common factor of 12 and f?
4
Let q = 147 + -147. Suppose q = -4*g - 3*n + 24, 0 = -4*g - 7*n + 8*n + 8. Calculate the highest common divisor of 2 and g.
1
Suppose 13*f = -f + 1120. Calculate the greatest common factor of 176 and f.
16
Let k = 628 - 611. Suppose -2*b = -2*s - 248, s + 15 = -2*s. What is the highest common factor of k and b?
17
Let t be ((-75)/9)/(-5)*3. Calculate the greatest common divisor of 20 and t.
5
Suppose -4*w = -7*w + 39. Let r be 3 + 10 + -1 + 1. Suppose -2*l + r = -l. Calculate the greatest common factor of l and w.
13
Let r be 3934/126 + (-34)/153. Suppose 4*p - 270 + 22 = 0. Calculate the greatest common factor of p and r.
31
Suppose 3*p - 18 = -3. Suppose 0 = p*u - 4*u - 2*h - 27, 90 = 4*u + h. Let y(b) = -76*b + 2. Let a be y(-3). Calculate the greatest common factor of a and u.
23
Let b(u) = 3*u. Let j be ((-2)/(-4))/(6/132). Let r be b(j). What is the highest common factor of r and 33?
33
Suppose 3*p - p - 7 = 3*b, 4*p - 44 = -4*b. Let q = -6 + p. Suppose q*c = -3*c + 30. What is the highest common divisor of 54 and c?
6
Suppose 5*w - 245 = -5*j, 19 = 3*j + 7. Suppose -x - 4*x = -w. What is the highest common divisor of x and 3?
3
Suppose 7 = 2*s + 3. Suppose -2*b + 4*p + 21 = -79, -s*b + p = -109. Suppose -10*z = -14*z + b. Calculate the greatest common divisor of 35 and z.
7
Suppose 0 = 15*t - 12*t. Let o be 1*(68 - -2) - t. Suppose o = 4*b + b - 5*p, -b + 20 = -4*p. What is the greatest common factor of b and 30?
6
Let z = 641 - -134. What is the greatest common factor of 62 and z?
31
Suppose 7 = 4*y - 9. Suppose v + 104 = 5*v + y*u, -5*u + 38 = v. Calculate the highest common divisor of v and 69.
23
Let k be (40/(-25))/(1/10). Let b be (k/4 - -2) + 18. Calculate the greatest common factor of 128 and b.
16
Let o(k) = -6*k. Let d be o(-1). Suppose 4*t - 2*v = -d*v, t - 5*v = 12. Suppose -124 - 184 = -t*p. What is the highest common divisor of p and 14?
14
Let j(l) = -2*l**3 - 21*l**2 + 8*l - 25. Let v be j(-11). What is the greatest common divisor of 20 and v?
4
Let n = 330 + -298. What is the highest common factor of 5 and n?
1
Let r be (-329)/63 - 2/(-9). Let p be ((-80)/(-50))/((-2)/r). Suppose -p*h - 2*h = -396. What is the highest common factor of h and 22?
22
Suppose -521 = 5*r + p, -2*r - 203 = 2*p - 7*p. Let j = 16 + 8. Let d = j - r. What is the greatest common factor of d and 32?
32
Let o(w) = -w**3 + 21*w**2 - 21*w + 22. Let l be o(20). Let b be ((-1)/(-3))/(3/252*l). What is the greatest common divisor of b and 252?
14
Suppose -3*y = -4*w - 52, 3*y - 5*w + 2*w = 48. Suppose 4*l + 2*h - 10 - 38 = 0, 4*h - y = -l. Calculate the greatest common divisor of 36 and l.
12
Let o be (-9)/6 - 87/(-2). Let m(x) = -x**2 - 15*x - 22. Let b be m(-12). What is the greatest common factor of b and o?
14
Let q be ((-23)/(345/(-36)))/((-9)/(-60)). Let k(d) = 25*d**3 - d**2 + d - 1. Let i be k(1). Calculate the highest common factor of i and q.
8
Let c be 524/131*103/4. Calculate the highest common divisor of 1957 and c.
103
Let w = -1806 - -1846. Calculate the highest common divisor of 1720 and w.
40
Suppose -2*m = 31 + 89. Let x = m + 80. Calculate the highest common factor of 4 and x.
4
Suppose 10*v - 761 = 849. Let b be ((-10)/15)/(2/138*-2). What is the highest common factor of b and v?
23
Suppose 5*f + f = 12. Suppose 2*j + 3*a = 294, 2*j - f*a = 2*a + 280. Suppose 3*y - j = -0*y. What is the greatest common factor of 12 and y?
12
Let u = -155 - -171. Calculate the highest common factor of 64 and u.
16
Let g be 1*-3*(-8)/6. Suppose -20 = -3*l - g*o, l - 6 = o - 2*o. What is the highest common factor of 12 and l?
4
Let y(r) = 2*r**2 + 3*r - 2. Let b be y(-3). Let i = 4 + b. Suppose i - 23 = -3*s. What is the greatest common divisor of 20 and s?
4
Suppose -28*c = -23*c - 850. What is the highest common divisor of c and 68?
34
Let t be 3024/22 + (-6)/(-11). Calculate the highest common divisor of t and 12.
6
Let p(h) = -h**3 + h**2 + 8*h - 6. Let w be p(-4). Calculate the highest common factor of w and 147.
21
Suppose 4*i - 70 = -30*t + 32*t, -2*i = -2*t - 30. What is the greatest common divisor of i and 155?
5
Let b be (-10 - 2)/(-2)*(-12)/(-8). Let p be (b/(-6) - -1)/((-6)/420). Calculate the highest common factor of p and 7.
7
Let o be (5/(-2))/(1/(-322)). Suppose 0 = 6*j - o - 251. Calculate the highest common divisor of 16 and j.
16
Suppose 4*p - 5918 + 1314 = -4*w, -5*w - 3445 = -3*p. Calculate the highest common factor of 50 an